2021.
11, 41, 71
What are the prime factors of 3087?
3, 7
List the prime factors of 1846.
2, 13, 71
What are the prime factors of 5966?
2, 19, 157
What are the prime factors of 1721?
1721
List the prime factors of 6935.
5, 19, 73
List the prime factors of 36549.
3, 31, 131
List the prime factors of 450.
2, 3, 5
List the prime factors of 7891.
13, 607
List the prime factors of 791.
7, 113
What are the prime factors of 24768?
2, 3, 43
List the prime factors of 7606.
2, 3803
List the prime factors of 1876.
2, 7, 67
What are the prime factors of 145881?
3, 1801
What are the prime factors of 43638?
2, 3, 7, 1039
List the prime factors of 6119.
29, 211
What are the prime factors of 11023?
73, 151
List the prime factors of 16884.
2, 3, 7, 67
List the prime factors of 344.
2, 43
List the prime factors of 1632.
2, 3, 17
List the prime factors of 9383.
11, 853
List the prime factors of 2725.
5, 109
What are the prime factors of 15858?
2, 3, 881
What are the prime factors of 51668?
2, 12917
What are the prime factors of 9285?
3, 5, 619
What are the prime factors of 11626?
2, 5813
List the prime factors of 11582.
2, 5791
List the prime factors of 342.
2, 3, 19
List the prime factors of 4877.
4877
What are the prime factors of 8634?
2, 3, 1439
What are the prime factors of 16067?
16067
List the prime factors of 28502.
2, 14251
List the prime factors of 1215.
3, 5
List the prime factors of 13947.
3, 4649
What are the prime factors of 41665?
5, 13, 641
List the prime factors of 385.
5, 7, 11
List the prime factors of 1664.
2, 13
List the prime factors of 1455.
3, 5, 97
What are the prime factors of 1060?
2, 5, 53
List the prime factors of 89.
89
List the prime factors of 19314.
2, 3, 29, 37
List the prime factors of 46013.
11, 47, 89
What are the prime factors of 1048?
2, 131
List the prime factors of 23099.
23099
What are the prime factors of 224?
2, 7
What are the prime factors of 81004?
2, 7, 11, 263
List the prime factors of 133377.
3, 23, 1933
What are the prime factors of 6373?
6373
What are the prime factors of 1494?
2, 3, 83
What are the prime factors of 901?
17, 53
What are the prime factors of 2862?
2, 3, 53
What are the prime factors of 12561?
3, 53, 79
What are the prime factors of 99640?
2, 5, 47, 53
List the prime factors of 572.
2, 11, 13
List the prime factors of 803.
11, 73
List the prime factors of 15058.
2, 7529
List the prime factors of 96813.
3, 31, 347
List the prime factors of 1453.
1453
What are the prime factors of 20935?
5, 53, 79
What are the prime factors of 10615?
5, 11, 193
List the prime factors of 2214.
2, 3, 41
List the prime factors of 18482.
2, 9241
List the prime factors of 69653.
69653
What are the prime factors of 309?
3, 103
What are the prime factors of 64221?
3, 21407
List the prime factors of 37331.
7, 5333
What are the prime factors of 6712?
2, 839
What are the prime factors of 185?
5, 37
List the prime factors of 21761.
47, 463
What are the prime factors of 7765?
5, 1553
List the prime factors of 2575.
5, 103
List the prime factors of 37010.
2, 5, 3701
List the prime factors of 6769.
7, 967
List the prime factors of 51406.
2, 25703
List the prime factors of 1609.
1609
What are the prime factors of 10080?
2, 3, 5, 7
What are the prime factors of 27548?
2, 71, 97
What are the prime factors of 17835?
3, 5, 29, 41
List the prime factors of 13633.
13633
List the prime factors of 443.
443
What are the prime factors of 4171?
43, 97
What are the prime factors of 60701?
101, 601
What are the prime factors of 46654?
2, 23327
What are the prime factors of 3605?
5, 7, 103
What are the prime factors of 10767?
3, 37, 97
What are the prime factors of 3507?
3, 7, 167
List the prime factors of 64662.
2, 3, 13, 829
List the prime factors of 111396.
2, 3, 9283
List the prime factors of 9334.
2, 13, 359
What are the prime factors of 47494?
2, 23747
What are the prime factors of 2198?
2, 7, 157
What are the prime factors of 301?
7, 43
What are the prime factors of 5700?
2, 3, 5, 19
What are the prime factors of 6235?
5, 29, 43
What are the prime factors of 3704?
2, 463
List the prime factors of 18117.
3, 11, 61
List the prime factors of 1552.
2, 97
List the prime factors of 14504.
2, 7, 37
What are the prime factors of 1935?
3, 5, 43
List the prime factors of 1445.
5, 17
What are the prime factors of 89587?
101, 887
What are the prime factors of 23455?
5, 4691
List the prime factors of 3123.
3, 347
What are the prime factors of 3583?
3583
List the prime factors of 29781.
3, 1103
List the prime factors of 23330.
2, 5, 2333
List the prime factors of 2378.
2, 29, 41
List the prime factors of 2446.
2, 1223
What are the prime factors of 292?
2, 73
What are the prime factors of 1450?
2, 5, 29
What are the prime factors of 4860?
2, 3, 5
What are the prime factors of 2209?
47
What are the prime factors of 89392?
2, 37, 151
List the prime factors of 37.
37
List the prime factors of 2438.
2, 23, 53
What are the prime factors of 84598?
2, 42299
List the prime factors of 52772.
2, 79, 167
List the prime factors of 108571.
108571
What are the prime factors of 4343?
43, 101
List the prime factors of 2051.
7, 293
What are the prime factors of 9451?
13, 727
List the prime factors of 33003.
3, 19, 193
What are the prime factors of 995?
5, 199
List the prime factors of 40414.
2, 11, 167
What are the prime factors of 77092?
2, 19273
List the prime factors of 76574.
2, 38287
List the prime factors of 2157.
3, 719
What are the prime factors of 1829?
31, 59
What are the prime factors of 4106?
2, 2053
What are the prime factors of 328?
2, 41
What are the prime factors of 659?
659
What are the prime factors of 6537?
3, 2179
List the prime factors of 431.
431
List the prime factors of 60627.
3, 7, 2887
What are the prime factors of 6806?
2, 41, 83
List the prime factors of 24295.
5, 43, 113
What are the prime factors of 47?
47
What are the prime factors of 2022?
2, 3, 337
What are the prime factors of 2432?
2, 19
What are the prime factors of 79527?
3, 7, 541
List the prime factors of 9528.
2, 3, 397
List the prime factors of 30947.
7, 4421
List the prime factors of 20401.
23, 887
What are the prime factors of 444?
2, 3, 37
List the prime factors of 495.
3, 5, 11
What are the prime factors of 505?
5, 101
List the prime factors of 66643.
66643
List the prime factors of 1236.
2, 3, 103
List the prime factors of 42250.
2, 5, 13
List the prime factors of 1294.
2, 647
What are the prime factors of 11569?
23, 503
What are the prime factors of 1294?
2, 647
List the prime factors of 8702.
2, 19, 229
List the prime factors of 14574.
2, 3, 7, 347
What are the prime factors of 64512?
2, 3, 7
What are the prime factors of 97394?
2, 11, 19, 233
List the prime factors of 5759.
13, 443
What are the prime factors of 42?
2, 3, 7
List the prime factors of 54.
2, 3
List the prime factors of 22928.
2, 1433
List the prime factors of 16152.
2, 3, 673
What are the prime factors of 21927?
3, 7309
What are the prime factors of 1678?
2, 839
What are the prime factors of 3398?
2, 1699
What are the prime factors of 17053?
17053
What are the prime factors of 14961?
3, 4987
List the prime factors of 2076.
2, 3, 173
List the prime factors of 20879.
20879
What are the prime factors of 102350?
2, 5, 23, 89
List the prime factors of 52864.
2, 7, 59
List the prime factors of 1005.
3, 5, 67
List the prime factors of 38817.
3, 19, 227
List the prime factors of 745.
5, 149
List the prime factors of 3519.
3, 17, 23
List the prime factors of 923.
13, 71
List the prime factors of 1173.
3, 17, 23
List the prime factors of 40168.
2, 5021
List the prime factors of 17554.
2, 67, 131
List the prime factors of 1414.
2, 7, 101
What are the prime factors of 738?
2, 3, 41
List the prime factors of 13905.
3, 5, 103
List the prime factors of 392.
2, 7
List the prime factors of 31417.
89, 353
What are the prime factors of 283?
283
What are the prime factors of 2148?
2, 3, 179
What are the prime factors of 812?
2, 7, 29
What are the prime factors of 15284?
2, 3821
What are the prime factors of 51761?
191, 271
List the prime factors of 518.
2, 7, 37
What are the prime factors of 3001?
3001
What are the prime factors of 1376?
2, 43
List the prime factors of 2871.
3, 11, 29
What are the prime factors of 500?
2,